 9. Calculate p(x).
7
Let q(u) = 18*u**2 + 3*u - 150. Let v be q(-3). Let f(g) be the second derivative of 1/6*g**v - 36*g + 0*g**2 - 1/12*g**4 + 0. Determine f(-1).
-2
Let t(d) be the second derivative of -d**5/20 + 3*d**4/4 - 7*d**3/3 - 3*d**2 + 3042*d. Suppose y + 2*z = 17, -6*y = -3*y + 5*z - 46. Calculate t(y).
-6
Let h(n) = 5*n**2 + 14*n - 114. Let a(z) = -10*z**2 - 26*z + 209. Let t(f) = -6*a(f) - 11*h(f). What is t(-2)?
16
Let r(o) = 7*o**2 + 2*o - 20. Let w(a) = 3*a**2 + a - 9. Suppose -12*h + 4 = -10*h. Let l(t) = h*r(t) - 5*w(t). Give l(-4).
-7
Let y(l) = -l**3 + 8*l**2 - 11*l + 6. Let s(t) = t**3 + 4*t**2 + 5*t + 7. Let j be s(-2). Calculate y(j).
26
Suppose h = -3*h + 12. Let p(n) = n**3 - 6*n**2 + 5 - 11*n + 0*n**h + 4*n - 3. Let g = -3 + 10. Determine p(g).
2
Let d(k) = -74*k - 5*k**2 + 68*k + 3*k**2 - 13 + 14. Determine d(-3).
1
Let v(f) = -2 + f**2 - 3*f + 0 + 1. Suppose -10*n + 289 = 7*n. Suppose 2*l - 11 = -3*p + l, -5*p + n = 3*l. Calculate v(p).
3
Suppose 3*i = -1 + 4, 3*i + 3 = 2*r. Let x = -15 + 17. Let n(k) = -6*k + 67*k**x - 68*k**2 + r - 3. Calculate n(-4).
8
Let j(f) = -468*f + 21. Let s(o) = -85*o + 4. Let m(u) = 2*j(u) - 11*s(u). Let i be 6*(1 + 1)/2. Suppose 14 = -5*l - i. Give m(l).
2
Suppose 4*a + 28 = -4*c, 5*c - 2*a + 17 = -a. Let y(r) = 2*r**3 - 9*r**2 - 19*r + 8. Let j be y(6). Let f(u) = 39*u + 2 - 3 + j + 31*u - 73*u. Give f(c).
13
Let i(s) = 3*s**2 + 11*s - 7. Let j be ((-1)/2)/(6/108). Let x(k) = -7*k**2 - 23*k + 15. Let m(w) = j*i(w) - 4*x(w). Determine m(6).
-3
Let y(w) = 41*w + 4662. Let j be y(-114). Let a(v) = 12*v**2 + 142*v - 28. Give a(j).
-4
Let l(c) = -c**2 - 20*c + 71. Let z be l(-23). Suppose -z*g + 34 = 3*k - 0*g, 3*k - 5*g = -1. Let j(y) = -k*y - 3*y - 8*y + 9*y. Give j(3).
-30
Let x(g) = -2*g**2 + 3*g**2 - 1094*g - 8 + 1090*g. Let r(a) = -a**3 + 14*a**2 - 19*a + 27. Let t be r(13). Let m = 57 + t. Give x(m).
4
Let l(h) = 4*h - 3. Let v(p) = -14*p**2 - 11*p - 369. Let y(k) = -5*k**2 - 4*k - 123. Let r(w) = -6*v(w) + 17*y(w). Let o be r(10). What is l(o)?
9
Let u(l) = -4*l + 2. Let q be u(1). Let g(x) = -7*x - 5. Let k(m) = -65*m - 52. Let o(c) = -21*g(c) + 2*k(c). What is o(q)?
-33
Let b(q) = -q**3 + 8*q**2 - 7*q + 1. Suppose 0 = -5*o - 5*p + 20, -37*o + 32*o = p - 32. Give b(o).
1
Let b = 12 - 12. Let j(d) = 5*d**3 + 6*d**2 + 13. Let g be (13 + -19)*(2 - 1). Let w(q) = 4*q**3 + 5*q**2 + 12. Let x(i) = g*w(i) + 5*j(i). Calculate x(b).
-7
Let z(u) = u**2 - 4*u - 8. Let g = -673 + 684. Suppose -r - 6 = -g. Calculate z(r).
-3
Let c(o) = 7*o - 118. Let w be c(17). Let k(q) = q**2 + 2*q - 5. Let l(g) = -2*g + 6. Let a(v) = 4*k(v) + 3*l(v). Give a(w).
4
Let v(z) = -5*z + 24*z + 7*z**2 - 11*z - 10*z + 4. Let u(l) = -4*l**2 + l - 2. Let p(i) = i**2 + 11. Let m be p(0). Let d(c) = m*u(c) + 6*v(c). Give d(-2).
-4
Let n be (-3)/(-3*1 - (11 + -13)). Let w(d) = -4*d**2 + 0*d**3 - n*d**3 + 4*d**3 + 18 + 2*d - 19. Suppose -2*j + 8 = -0*j. Determine w(j).
7
Let z be ((-111)/12 + 9)/(5/60) - -14. Let d(u) = -u**2 + 11*u - 22. What is d(z)?
-22
Let f(d) = -2*d**2 - 4*d - 8. Let l = 1577 + -1581. Determine f(l).
-24
Let t(q) = -2*q**2 - 3*q + 51. Let y be t(-6). Let c(g) = -12*g - 40. Give c(y).
-4
Let v(o) = -o + 28. Suppose -20*u + 460 = -0*u. Calculate v(u).
5
Let d be ((-10)/15)/((-1)/9). Suppose -33 = -16*b - 1. Let y(a) = b - 2*a - 6*a + d*a - a**2 - 2*a. Calculate y(-6).
-10
Let g(l) = 10*l - 2 + 1 + 0. Suppose 9*q = -17*q + 26. Let n be ((-5)/(-10) - q)*0 - 1. What is g(n)?
-11
Let i(g) = -30*g - 30. Let p(j) = -8*j + 150. Let l be p(19). Determine i(l).
30
Let h(y) = y - 1. Suppose 0 = -2*x - 4, x = -3*i + 2*x - 199. Let f = 115 + i. Let q = f - 44. Give h(q).
3
Let t(a) = -a - 7. Let f(g) be the first derivative of -4*g**3/3 + g**2/2 + 77. Let j be f(1). Calculate t(j).
-4
Let n(m) be the third derivative of -m**3/6 + 19*m**2 + 1. Let l(g) = -g**2 + g - 1. Let h(c) = l(c) + n(c). Give h(2).
-4
Let s(x) = -x**2 + 18*x - 69. Let j be s(8). Let p(d) = 5*d - 3*d**2 + 4*d**2 - 7*d - 11*d + 13. Determine p(j).
-9
Let d(z) = 8*z**3 + z**2 + z - 1. Let m(n) be the third derivative of -n**5/60 + n**4/24 - n**3/2 - 11*n**2. Let q be m(-3). Let a = q - -16. Calculate d(a).
9
Let c(t) = 3*t + 46. Let p be c(-15). Let g(r) be the second derivative of 11/6*r**3 + 0*r**2 + 4*r + 0. Determine g(p).
11
Suppose -57*k + 64*k + 49 = 0. Let m(c) = -16*c**2 + 17*c - 2. Let r(w) = 11*w**2 - 12*w + 1. Let v(b) = k*r(b) - 5*m(b). Give v(-2).
17
Let t(a) = -2*a - 7 + 2*a + 4*a. Let d(z) = z**3 - 12*z**2 + 21*z - 5. Let b be (16/(-20))/(-4 + (-392)/(-100)). Let k be d(b). What is t(k)?
13
Suppose w - 12 = -10. Suppose 2*d + w = 0, b - 1 = 3*d - 5*d. Let k(u) = -3*u + b*u + 8 + 7*u**2 - 6*u**2. Give k(0).
8
Let a be 1*(-1 - 1) + 378/2. Let w(v) = 7 - 20 + a*v - 202*v. Let q(f) = -7*f - 6. Let s(o) = -13*q(o) + 6*w(o). Determine s(-6).
-6
Let b(g) be the third derivative of -g**4/24 + g**3/6 - 51*g**2 + 19*g - 1. Suppose 0 = -5*u + 3*w + 14, -5*w = -4*u - 0*w + 19. What is b(u)?
0
Suppose 4*n = -4*f + 32, -n = 2*n - 2*f - 9. Let h(j) = -2 + 5 - n + j + 11. Suppose q + 1 = -5. Determine h(q).
3
Let y(h) = -h**2 - 11*h + 1. Suppose -16*p + 26 + 38 = 0. Suppose -u + 5*t = 3*u + 49, 2*u + 18 = -p*t. What is y(u)?
1
Let h(w) be the second derivative of -17*w**5/5 + w**4/4 - w**3/6 - w**2 - 57*w - 19. Give h(-1).
70
Let k(v) = v**2 - 17*v + 17. Let q(t) = t**2 - 96*t + 639. Let u be q(7). Determine k(u).
1
Let x(a) = 30*a - 1. Let n(t) = 28*t - 1. Suppose 0 = -3*k + 5*m + 8, 28 = -3*k - 0*m - 4*m. Let u(q) = k*n(q) + 5*x(q). Determine u(-1).
-39
Let q be (-4)/(-74) + (360/185 - -29). Let u(k) = -16*k + 499. Give u(q).
3
Let g(m) be the third derivative of 0*m - 1 - 6*m**2 - 1/3*m**3 + 7/60*m**5 - 3/8*m**4 + 1/120*m**6. Calculate g(-8).
6
Let z(v) = -v**2. Let q = 47 + -50. Let i be (-3)/(45/20)*q/(-2). Let j be z(i). Let w(r) = r**3 + 6*r**2 + 6*r + 2. Determine w(j).
10
Let s = -364 - -366. Let g(k) = 2*k**2 + 0*k - 3*k + 3*k**2 - k**2 - 2. Let h(p) = 4*p**2 - 2*p - 1. Let l(x) = s*g(x) - 3*h(x). Give l(-1).
-5
Let f(m) = m - 19. Let a be (-4)/14 - (-384)/21. Determine f(a).
-1
Let u = -953 - -944. Let k(w) = -13*w**2 + 5*w - 9. Let j(s) = 2*s + s - 2 - 2*s - 3*s**2. Let t(f) = u*j(f) + 2*k(f). Give t(1).
2
Let j(f) = -27*f + 5. Let t be j(-1). Let x(k) = 0 - k - t*k**2 + 1 + 33*k**2. Suppose -u - 9 = -4*u. Determine x(u).
7
Let m(t) be the first derivative of -t**2 - t + 54. Suppose -8 = 3*r + 4*w, -5*r - 12 = -4*w + 12. Determine m(r).
7
Suppose 1055 + 880 = 735*a + 465. Let d(g) = -45*g + 99. Determine d(a).
9
Let n(j) = 2*j + 3 - 1 - 3*j + 9. Let a be n(7). Let x(t) = -1 + 0*t + 7*t - 2*t**2 + a*t**2 - 3*t**2. What is x(7)?
-1
Let f be 1 + (-28)/4 - -1501. Let d(z) = 2*z - z**2 - 1498 - 10*z + f. Let b be (-33)/5 + (-4)/10. Give d(b).
4
Suppose 0 = -4*q + 5*a + 28, -12 = 2*a + a. Let s(v) = v**2 - 5*v + 2*v + 2 + 0*v**2 + q*v. Calculate s(0).
2
Let n(h) = 10*h + 3. Let f(t) = -9*t - 4. Let d(r) = -5*f(r) - 6*n(r). Let w(j) = 5*j - 1. Let k(p) = -3*d(p) - 8*w(p). Give k(2).
12
Let a(n) = 6*n + 45 - 48 - 25 - 32. What is a(9)?
-6
Suppose 20 = 4*w + 3*s, 19*w = 18*w + 4*s + 5. Let f(m) = m. Give f(w).
5
Let p(d) = -d - 1. Let b(w) = -142*w - 141. Let x be b(-1). Give p(x).
-2
Let s(j) = -j**3 - 7*j**2 + 8*j + 3. Suppose 2*h = -2*y + 7*h - 19, 8 = -4*y + 4*h. Let q be y - ((-1)/(-2) - 84/(-8)). Give s(q).
3
Let b = 4902 - 4900. Let v(i) = -i**2 - i - 2. Determine v(b).
-8
Let t(o) = 9*o - 15. Let s be (-56)/(-56)*(-2 + 9). Calculate t(s).
48
Let p = 16 - 32. Let f(q) = q. Let u be f(p). Let x be (-1)/(-3) + u/3 + 2. Let s(b) = -2*b**3 - 5*b**2 - b + 3. Determine s(x).
15
Let a(i) = -3*i**3 + 36*i**2 + 4. Let k be a(12). Let q(d) = -4 + 3 + k + 360*d - 352*d. What is q(-2)?
-13
Let x = -30 + 35. Let f(p) = 22 - 4*p**2 + p**2 + 3*p + 13*p + x*p. Let d(u) = -u**2 + 7*u + 7. Let i(s) = 7*d(s) - 2*f(s). Give i(7).
5
Let x(d) = d**2 - 5*d - 1. Let i(t) = 9*t - 35. Let q be i(5). Suppose -q*j - 3 = -7*j. Let z be (2/(-2))/j - (-2 + -1). Calculate x(z).
-5
Let v(n) be the first derivative of n**3/3 + 3*n**2 - 5*n - 226. What is v(-9)?
22
Let i = -6135 + 6145. Let f(k) = 6*k**3 + 4*k**2 - 11*k + 2. Let c(b) = -5*b**3 - 5*b**2 + 11*b - 3